 base 10.
3
What is -4 (base 15) in base 5?
-4
Convert 0 (base 14) to base 11.
0
Convert 0 (base 3) to base 4.
0
Convert 1 (base 2) to base 11.
1
147 (base 8) to base 4
1213
Convert -1100 (base 5) to base 7.
-303
-10 (base 2) to base 10
-2
Convert -7 (base 15) to base 3.
-21
What is d (base 15) in base 12?
11
Convert -302 (base 6) to base 4.
-1232
Convert -20 (base 3) to base 2.
-110
24 (base 15) to base 10
34
Convert 2 (base 5) to base 6.
2
What is 21 (base 9) in base 7?
25
What is -16 (base 7) in base 16?
-d
-1 (base 6) to base 5
-1
3 (base 16) to base 10
3
Convert 31 (base 8) to base 5.
100
Convert -320 (base 8) to base 4.
-3100
Convert 6 (base 16) to base 5.
11
Convert b (base 14) to base 13.
b
252 (base 10) to base 16
fc
What is -26 (base 15) in base 12?
-30
What is 0 (base 15) in base 4?
0
Convert -24 (base 10) to base 9.
-26
What is 13 (base 11) in base 6?
22
Convert 14 (base 5) to base 13.
9
What is d (base 14) in base 9?
14
What is 1100 (base 3) in base 14?
28
-5 (base 11) to base 8
-5
Convert -111 (base 2) to base 5.
-12
-2 (base 4) to base 16
-2
What is 1011 (base 2) in base 5?
21
-151 (base 12) to base 10
-205
Convert -b (base 15) to base 4.
-23
What is 257 (base 9) in base 8?
326
What is 13 (base 5) in base 7?
11
6 (base 13) to base 3
20
What is -69 (base 15) in base 7?
-201
Convert -11 (base 2) to base 7.
-3
-20 (base 12) to base 8
-30
Convert 7 (base 16) to base 9.
7
What is 4 (base 16) in base 13?
4
-63 (base 10) to base 2
-111111
-1000 (base 2) to base 8
-10
2 (base 4) to base 15
2
3 (base 16) to base 10
3
Convert 2 (base 5) to base 8.
2
-4 (base 5) to base 11
-4
What is -111 (base 3) in base 2?
-1101
-20 (base 10) to base 14
-16
Convert 0 (base 2) to base 7.
0
What is 3 (base 6) in base 10?
3
What is a (base 13) in base 9?
11
What is 47 (base 8) in base 15?
29
What is 10032 (base 4) in base 13?
17a
What is -44 (base 6) in base 10?
-28
What is -57 (base 14) in base 9?
-85
2 (base 13) to base 7
2
What is 64 (base 7) in base 4?
232
1a (base 11) to base 12
19
What is 1010 (base 2) in base 8?
12
-1333 (base 5) to base 10
-218
Convert 101 (base 12) to base 2.
10010001
Convert 5 (base 16) to base 3.
12
What is -1 (base 16) in base 13?
-1
What is -244 (base 6) in base 14?
-72
Convert 12 (base 4) to base 16.
6
Convert 12 (base 13) to base 10.
15
51 (base 12) to base 16
3d
Convert 355 (base 6) to base 15.
98
What is -3 (base 9) in base 12?
-3
-8 (base 9) to base 7
-11
8 (base 15) to base 6
12
-1011111 (base 2) to base 10
-95
Convert 0 (base 4) to base 2.
0
What is -13 (base 9) in base 4?
-30
What is -5a (base 15) in base 9?
-104
Convert 3 (base 15) to base 14.
3
What is -67 (base 8) in base 13?
-43
Convert -19 (base 10) to base 16.
-13
Convert 27 (base 13) to base 7.
45
Convert -6 (base 11) to base 13.
-6
Convert 30 (base 9) to base 7.
36
What is -1 (base 14) in base 7?
-1
-10 (base 5) to base 13
-5
What is -8 (base 10) in base 3?
-22
What is 3 (base 9) in base 7?
3
310 (base 4) to base 16
34
-42 (base 8) to base 5
-114
What is 6 (base 10) in base 2?
110
Convert 110 (base 3) to base 2.
1100
2 (base 9) to base 14
2
Convert -2 (base 6) to base 13.
-2
Convert a1 (base 11) to base 9.
133
-1040 (base 5) to base 13
-b2
What is 4 (base 8) in base 12?
4
What is -1 (base 3) in base 2?
-1
-10 (base 8) to base 3
-22
Convert 5 (base 15) to base 11.
5
Convert -a (base 13) to base 4.
-22
10 (base 7) to base 16
7
-30 (base 8) to base 4
-120
What is -5 (base 14) in base 7?
-5
What is 1 (base 7) in base 14?
1
What is -1 (base 16) in base 2?
-1
122 (base 6) to base 13
3b
Convert 1021 (base 3) to base 10.
34
Convert -24 (base 7) to base 6.
-30
What is 2 (base 12) in base 5?
2
-3 (base 10) to base 7
-3
7 (base 12) to base 13
7
What is -31 (base 12) in base 16?
-25
24 (base 8) to base 5
40
-34 (base 8) to base 6
-44
54 (base 6) to base 9
37
What is 220 (base 8) in base 12?
100
0 (base 14) to base 5
0
Convert 121 (base 8) to base 11.
74
-148 (base 10) to base 2
-10010100
Convert 20111 (base 3) to base 15.
ba
3 (base 7) to base 11
3
16 (base 8) to base 4
32
Convert -a (base 12) to base 7.
-13
Convert -2 (base 7) to base 14.
-2
What is 0 (base 5) in base 10?
0
What is -12 (base 5) in base 15?
-7
7 (base 16) to base 5
12
What is 4 (base 7) in base 9?
4
What is 9 (base 15) in base 4?
21
-1002 (base 3) to base 11
-27
What is 1 (base 14) in base 13?
1
What is -3 (base 14) in base 5?
-3
87 (base 11) to base 6
235
What is 2 (base 15) in base 6?
2
0 (base 11) to base 2
0
Convert -36 (base 9) to base 15.
-23
Convert 21 (base 3) to base 10.
7
-109 (base 13) to base 6
-454
Convert 544 (base 6) to base 8.
320
What is -11 (base 8) in base 13?
-9
Convert -2 (base 10) to base 6.
-2
Convert -25 (base 12) to base 15.
-1e
-161 (base 7) to base 5
-332
Convert -9 (base 13) to base 9.
-10
What is 39 (base 15) in base 3?
2000
-134 (base 13) to base 7
-422
Convert b6 (base 15) to base 14.
c3
Convert 135 (base 6) to base 13.
47
What is -21 (base 12) in base 16?
-19
Convert -1 (base 4) to base 8.
-1
What is 1 (base 12) in base 3?
1
65 (base 14) to base 9
108
-75 (base 9) to base 7
-125
What is -1 (base 10) in base 15?
-1
120 (base 10) to base 13
93
-1 (base 3) to base 9
-1
Convert -4 (base 9) to base 15.
-4
Convert -3 (base 12) to base 16.
-3
What is 2 (base 9) in base 11?
2
Convert 12 (base 4) to base 15.
6
Convert -1 (base 6) to base 5.
-1
What is -100 (base 2) in base 12?
-4
What is -4 (base 9) in base 16?
-4
Convert -2 (base 3) to base 16.
-2
What is 8 (base 13) in base 2?
1000
353 (base 6) to base 9
166
-71 (base 13) to base 4
-1130
1a (base 11) to base 12
19
Convert -2104 (base 5) to base 3.
-101100
1000101 (base 2) to base 14
4d
What is 10 (base 9) in base 7?
12
Convert 0 (base 11) to base 4.
0
Convert -10200 (base 4) to base 2.
-100100000
Convert 0 (base 6) to base 11.
0
Convert 3 (base 13) to base 4.
3
What is -2002 (base 4) in base 9?
-154
2 (base 7) to base 8
2
What is -1 (base 14) in base 9?
-1
What is -133 (base 6) in base 2?
-111001
-435 (base 9) to base 4
-11210
Convert -3 (base 11) to base 2.
-11
What is -10 (base 5) in base 9?
-5
Convert 11 (base 3) to base 13.
4
What is -4 (base 10) in base 4?
-10
Convert -3320 (base 4) to base 16.
-f8
1 (base 11) to base 15
1
What is -2d (base 14) in base 3?
-1112
Convert -202 (base 3) to base 8.
-24
Convert -9 (base 12) to base 11.
-9
Convert -11 (base 15) to base 11.
-15
Convert -1 (base 13) to base 4.
-1
4 (base 10) to base 11
4
What is 131 (base 7) in base 10?
71
0 (base 10) to base 15
0
22 (base 16) to base 7
46
What is -11 (base 4) in base 15?
-5
48 (base 15) to base 12
58
-4 (base 9) to base 5
-4
82 (base 14) to base 8
162
What is 105 (base 11) in base 3?
11200
-8 (base 16) to base 5
-13
Convert -209 (base 11) to base 9.
-308
101 (base 12) to base 2
10010001
-19 (base 13) to base 15
-17
Convert 137 (base 8) to base 5.
340
12 (base 3) to base 6
5
-27 (base 11) to base 9
-32
What is 101 (base 6) in base 14?
29
-2 (base 4) to base 13
-2
1 (base 5) to base 2
1
-14e (base 16) to base 11
-284
-36 (base 8) to base 7
-42
1 (base 14) to base 6
1
What is -1300 (base 5) in base 16?
-c8
What is -10121 (base 3) in base 8?
-141
What is 20 (base 5) in base 16?
a
Convert 13 (base 7) to base 5.
20
1 (base 3) to base 15
1
What is -48 (base 11) in base 5?
-202
What is -8 (base 11) in base 13?
-8
What is -1 (base 16) in base 14?
-1
-117 (base 16) to base 13
-186
192 (base 15) to base 13
21b
0 (base 2) to base 10
0
What is -1010101 (base 2) in base 13?
-67
Convert 212 (base 6) to base 10.
80
Convert -4 (base 6) to base 10.
-4
What is 1 (base 8) in base 5?
1
What is -21 (base 12) in base 8?
-31
What is -4 (base 9) in base 6?
-4
What is 221 (base 3) in base 5?
100
Convert 52 (base 9) to base 3.
1202
24 (base 13) to base 4
132
-233 (base 8) to base 5
-1110
What is 2001 (base 3) in base 8?
67
Convert 10 (base 3) to base 4.
3
-11 (base 5) to base 15
-6
53 (base 14) to base 12
61
What is -13 (base 6) in base 3?
-100
2 (base 14) to base 9
2
-5 (base 12) to base 14
-5
Convert -40 (base 6) to base 11.
-22
What is -10 (base 7) in base 3?
-21
What is -10001010 (base 2) in base 5?
-1023
What is ab (base 13) in base 9?
166
9 (base 11) to base 12
9
What is 513 (base 8) in base 7?
652
Convert -1 (base 13) to base 15.
-1
What is 3 (base 6) in base 11?
3
W